
Is 54976541 composite?
False
Is 4813241 composite?
True
Is 4192753 a prime number?
True
Is 2476697 composite?
True
Is 84689 a prime number?
False
Is 5780573 a composite number?
True
Is 303435983 a prime number?
False
Is 2740027 prime?
True
Is 33923863 a composite number?
True
Is 22657 prime?
False
Is 46641433 a prime number?
True
Is 61209307 prime?
True
Is 22028399 prime?
True
Is 2453963 prime?
False
Is 20406161 a composite number?
False
Is 10089953 prime?
True
Is 40512587 composite?
False
Is 10650677 a composite number?
False
Is 197020559 a composite number?
False
Is 81669937 a prime number?
True
Is 7295701 prime?
False
Is 2240941 composite?
False
Is 5459281 a prime number?
True
Is 33149 composite?
False
Is 1129912453 a composite number?
False
Is 72811327 a prime number?
True
Is 163109 a prime number?
True
Is 20128799 a prime number?
False
Is 8060477 prime?
False
Is 5165497 composite?
False
Is 3604807 composite?
False
Is 26171729 a prime number?
True
Is 24467077 composite?
False
Is 166983 prime?
False
Is 73869317 prime?
True
Is 131830199 composite?
False
Is 187792034 composite?
True
Is 2235617 prime?
True
Is 1030277 prime?
False
Is 7004593 prime?
True
Is 3706297 composite?
True
Is 1697065 prime?
False
Is 62044387 a prime number?
True
Is 60785331 prime?
False
Is 6691513 composite?
False
Is 4505993 a composite number?
False
Is 21552197 prime?
True
Is 23878119 prime?
False
Is 400103 a composite number?
True
Is 332561 a prime number?
True
Is 47453297 composite?
True
Is 124119617 composite?
False
Is 477008171 prime?
False
Is 5230811 prime?
False
Is 18267503 a composite number?
True
Is 1582877 a prime number?
True
Is 199373 a composite number?
False
Is 51293071 a composite number?
False
Is 15802583 composite?
False
Is 3859817 a composite number?
True
Is 35090197 prime?
False
Is 9134723 composite?
True
Is 286123 composite?
True
Is 220303313 a prime number?
True
Is 191958755 a prime number?
False
Is 136321 a composite number?
True
Is 40756979 prime?
True
Is 248029 prime?
False
Is 2099179 a composite number?
False
Is 171493599 composite?
True
Is 1277723 composite?
False
Is 7652657 a prime number?
True
Is 7156469 a prime number?
False
Is 439666193 composite?
False
Is 11842799 a prime number?
True
Is 5401951 prime?
True
Is 3527351 composite?
True
Is 33349741 prime?
False
Is 46243543 a composite number?
False
Is 487853 composite?
True
Is 915953 prime?
False
Is 12624653 a composite number?
True
Is 14505677 prime?
False
Is 1133196803 composite?
True
Is 15906497 a prime number?
False
Is 2146517 prime?
False
Is 62223569 prime?
True
Is 75359863 composite?
False
Is 2107547 a composite number?
True
Is 65051039 a composite number?
True
Is 2225370173 prime?
False
Is 1216841 prime?
True
Is 3978301 a prime number?
True
Is 36260243 composite?
True
Is 5555567 composite?
False
Is 5708887 prime?
True
Is 1160933 a composite number?
True
Is 430763 prime?
False
Is 7221689 a composite number?
False
Is 377617 composite?
False
Is 30485449 composite?
False
Is 58801801 a composite number?
False
Is 2952449 a prime number?
False
Is 73809713 composite?
False
Is 136791059 prime?
False
Is 691967299 prime?
True
Is 23053147 a prime number?
False
Is 262517747 prime?
True
Is 19707377 composite?
False
Is 5714249 a prime number?
True
Is 116890055 a prime number?
False
Is 268540663 composite?
True
Is 20329339 a composite number?
False
Is 56573899 a composite number?
True
Is 36178841 prime?
True
Is 108542011 prime?
True
Is 1103437 prime?
True
Is 5835761 composite?
False
Is 12621209 composite?
True
Is 5646959 a prime number?
True
Is 3395417 prime?
True
Is 13569698 composite?
True
Is 32349727 prime?
True
Is 396811 a prime number?
False
Is 22313641 a prime number?
False
Is 67308133 composite?
True
Is 208399811 prime?
True
Is 97170763 composite?
False
Is 118044439 a composite number?
False
Is 172418667 a composite number?
True
Is 697993 prime?
True
Is 97444601 a prime number?
True
Is 6541217 a prime number?
False
Is 137884751 prime?
True
Is 7741193 a prime number?
True
Is 15514231 a prime number?
True
Is 22894747 a composite number?
False
Is 471043 a prime number?
False
Is 42554929 a prime number?
True
Is 51056407 prime?
False
Is 135154405 a composite number?
True
Is 29151259 composite?
True
Is 12285211 a prime number?
False
Is 56124001 a prime number?
True
Is 169118783 composite?
False
Is 7514939 prime?
False
Is 63877861 a prime number?
True
Is 7257721 prime?
True
Is 944003 a composite number?
False
Is 13547567 composite?
True
Is 1415299 a composite number?
True
Is 92615735 composite?
True
Is 20581333 composite?
False
Is 15469391 a composite number?
True
Is 1099247 composite?
False
Is 31490753 a prime number?
False
Is 26727827 prime?
False
Is 160896391 a composite number?
False
Is 138084281 a composite number?
True
Is 24457283 prime?
False
Is 29504067 prime?
False
Is 1330599 prime?
False
Is 970687 prime?
True
Is 62660189 prime?
True
Is 10611217 composite?
True
Is 168825229 composite?
False
Is 633611239 a prime number?
True
Is 1158121 a composite number?
False
Is 14772023 a prime number?
False
Is 54668603 prime?
False
Is 445610954 a prime number?
False
Is 16675973 composite?
True
Is 1643753 a composite number?
True
Is 10253053 prime?
True
Is 9350119 prime?
False
Is 331962299 composite?
False
Is 416847043 composite?
True
Is 226814977 prime?
False
Is 3352831 a composite number?
False
Is 6728647 prime?
False
Is 52831963 a prime number?
False
Is 7978961 prime?
True
Is 33054217 composite?
True
Is 1477246 a prime number?
False
Is 174856499 a prime number?
True
Is 316289203 a prime number?
False
Is 24184067 a prime number?
True
Is 8378431 prime?
True
Is 853117 a composite number?
True
Is 56018839 composite?
False
Is 9056123 prime?
False
Is 51459757 composite?
False
Is 1426523 a composite number?
True
Is 2668963 a prime number?
False
Is 116639 a composite number?
False
Is 13279061 a composite number?
False
Is 5849 a composite number?
False
Is 3807179 composite?
True
Is 19409227 composite?
False
Is 4342207 a composite number?
False
Is 113258 composite?
True
Is 5863751 composite?
False
Is 265839457 a prime number?
False
Is 980069 prime?
True
Is 728334539 composite?
False
Is 59085227 a composite number?
False
Is 299705213 composite?
False
Is 54471373 composite?
True
Is 24527863 composite?
True
Is 13705337 a prime number?
True
Is 17917421 prime?
True
Is 23657273 a prime number?
True
Is 2459209 a composite number?
False
Is 23125301 a prime number?
True
Is 8275189 a composite number?
True
Is 2566979 a composite number?
True
Is 42190879 prime?
False
Is 24550711 a prime number?
True
Is 92439983 prime?
True
Is 708439427 a composite number?
False
Is 26315309 prime?
True
Is 1469717 a prime number?
True
Is 20400421 a composite number?
False
Is 2970833 prime?
True
Is 6006421 composite?
False
Is 5051029 a prime number?
True
Is 2088857 a composite number?
True
Is 817829 a prime number?
False
Is 170719 composite?
True
Is 27737837 a prime number?
True
Is 204178759 a prime number?
True
Is 4546109 prime?
False
Is 19772593 prime?
False
Is 64088135 prime?
False
Is 130582537 a prime number?
True
Is 4900897 a prime number?
False
Is 19939889 a prime number?
False
Is 18019285 a composite number?
True
Is 1520863 a composite number?
True
Is 876279127 a prime number?
False
Is 74515459 a prime number?
True
Is 7634659 a composite number?
True
Is 2453239 prime?
False
Is 4894843 composite?
False
Is 293599 a prime number?
True
Is 7287653 composite?
True
Is 15116597 prime?
True
Is 19897627 a composite number?
False
Is 5882297 a prime number?
False
Is 8370587 a composite number?
False
Is 16629913 composite?
True
Is 26773259 a prime number?
True
Is 4503581 prime?
False
Is 38693 composite?
False
Is 29876755 composite?
True
Is 27717509 composite?
False
Is 220275311 composite?
False
Is 30906633 a prime number?
False
Is 320351 composite?
True
Is 461377297 composite?
True
Is 1246601 composite?
False
Is 3844391 prime?
True
Is 8131993 prime?
True
Is 2249107 a prime number?
False
Is 131976177 a prime number?
False
Is 17834477 a prime number?
True
Is 6915853 a prime number?
False
Is 80502703 composite?
False
Is 5260873 prime?
True
Is 177377605 a composite number?
True
Is 12980729 prime?
True
Is 1592027 composite?
False
Is 10990489 prime?
T